{"id":1044,"date":"2025-05-09T06:40:19","date_gmt":"2025-05-09T06:40:19","guid":{"rendered":"https:\/\/www.oonakaronen.fi\/?page_id=1044"},"modified":"2025-09-02T18:39:50","modified_gmt":"2025-09-02T15:39:50","slug":"sosiaalisen-median-visuaalisen-ilmeen-ohjeistus-vanhalle-raikalle","status":"publish","type":"page","link":"https:\/\/www.oonakaronen.fi\/?page_id=1044","title":{"rendered":"Sosiaalisen median visuaalisen ilmeen ohjeistus Vanhalle R\u00e4ik\u00e4lle\u00a0"},"content":{"rendered":"\t\t<div data-elementor-type=\"wp-page\" data-elementor-id=\"1044\" class=\"elementor elementor-1044\">\n\t\t\t\t<div class=\"elementor-element elementor-element-5f4bf8a e-flex e-con-boxed e-con e-parent\" data-id=\"5f4bf8a\" data-element_type=\"container\" data-e-type=\"container\">\n\t\t\t\t\t<div class=\"e-con-inner\">\n\t\t\t\t<div class=\"elementor-element elementor-element-04c44c7 elementor-widget elementor-widget-spacer\" data-id=\"04c44c7\" data-element_type=\"widget\" data-e-type=\"widget\" data-widget_type=\"spacer.default\">\n\t\t\t\t<div class=\"elementor-widget-container\">\n\t\t\t\t\t\t\t<div class=\"elementor-spacer\">\n\t\t\t<div class=\"elementor-spacer-inner\"><\/div>\n\t\t<\/div>\n\t\t\t\t\t\t<\/div>\n\t\t\t\t<\/div>\n\t\t\t\t<div class=\"elementor-element elementor-element-173def4 elementor-widget elementor-widget-image\" data-id=\"173def4\" data-element_type=\"widget\" data-e-type=\"widget\" data-widget_type=\"image.default\">\n\t\t\t\t<div class=\"elementor-widget-container\">\n\t\t\t\t\t\t\t\t\t\t\t\t\t\t\t<img fetchpriority=\"high\" decoding=\"async\" width=\"1024\" height=\"640\" src=\"https:\/\/www.oonakaronen.fi\/wp-content\/uploads\/2025\/05\/opinnaytetyo_Vanha_Raikka.jpg\" class=\"attachment-large size-large wp-image-759\" alt=\"\" \/>\t\t\t\t\t\t\t\t\t\t\t\t\t\t\t<\/div>\n\t\t\t\t<\/div>\n\t\t\t\t<div class=\"elementor-element elementor-element-469ca8b elementor-widget elementor-widget-heading\" data-id=\"469ca8b\" data-element_type=\"widget\" data-e-type=\"widget\" data-widget_type=\"heading.default\">\n\t\t\t\t<div class=\"elementor-widget-container\">\n\t\t\t\t\t<h3 class=\"elementor-heading-title elementor-size-default\">Opinn\u00e4ytety\u00f6: Sosiaalisen median visuaalisen ilmeen ohjeistus Vanhalle R\u00e4ik\u00e4lle (2024)<\/h3>\t\t\t\t<\/div>\n\t\t\t\t<\/div>\n\t\t\t\t<div class=\"elementor-element elementor-element-a8b1db2 elementor-widget elementor-widget-text-editor\" data-id=\"a8b1db2\" data-element_type=\"widget\" data-e-type=\"widget\" data-widget_type=\"text-editor.default\">\n\t\t\t\t<div class=\"elementor-widget-container\">\n\t\t\t\t\t\t\t\t\t<h4>Ty\u00f6kalut:<\/h4><p>Word, Illustrator, Canva<\/p><h4>Asiakas:<\/h4><p>Vanha R\u00e4ikk\u00e4 on Yl\u00f6j\u00e4rven keskustassa sijaitseva historiallinen hirsirakennus, joka toimii kahvila-ravintolana, tapahtumapaikkana ja kulttuuritilana. Vuonna 1825 valmistunut rakennus tarjoaa lounasta, kahvilapalveluita ja pitopalvelua erilaisiin juhliin. Vanha R\u00e4ikk\u00e4 tunnetaan my\u00f6s taiden\u00e4yttelyist\u00e4\u00e4n ja tilavuokrauksesta kokous- ja juhlak\u00e4ytt\u00f6\u00f6n.<\/p><h4>Suunnittelu ja toteutus:<\/h4><p>Sosiaalisen median visuaalisen ilmeen ohjeistus Vanhalle R\u00e4ik\u00e4lle on opinn\u00e4ytety\u00f6, jonka toimeksiantajana toimi Vanha R\u00e4ikk\u00e4. Ty\u00f6 sai alkunsa, kun kuulin, ett\u00e4 Vanha R\u00e4ikk\u00e4 olisi kiinnostunut opinn\u00e4ytety\u00f6yhteisty\u00f6st\u00e4 kanssani. Pidimme ensimm\u00e4isen tapaamisen, jossa sovimme aikataulusta ja m\u00e4\u00e4rittelimme opinn\u00e4ytety\u00f6n aiheen suuntaa-antavasti.<\/p><p>T\u00e4m\u00e4n j\u00e4lkeen aloitin tarkemman suunnittelun ja rajasin aiheen sellaiseksi, joka sopi sek\u00e4 toimeksiantajalle ett\u00e4 opinn\u00e4ytety\u00f6n vaatimuksiin. Aihe hyv\u00e4ksyttiin virallisesti opinn\u00e4ytety\u00f6n aiheeksi.<\/p><p>Seuraavaksi tein ty\u00f6n kirjallisuuskatsauksen sek\u00e4 aloin suunnitella toiminnallista osuutta eli itse ohjeistusta. Ohjeistus sis\u00e4lsi typografian, v\u00e4ripaletin, sis\u00e4ll\u00f6n m\u00e4\u00e4rittelyn sek\u00e4 julkaisupohjien ja mallipohjien toteutuksen. Vanha R\u00e4ikk\u00e4 hyv\u00e4ksyi suunnitelman ja antoi minulle suhteellisen vapaat k\u00e4det ohjeistuksen tekemiseen.<\/p><p>Toteutin opinn\u00e4ytety\u00f6n suunnitelman mukaisesti ja esittelin lopullisen ty\u00f6n toimeksiantajalle, joka antoi palautetta ja mahdollisia kehitysehdotuksia. Ty\u00f6 esiteltiin loppuseminaarissa huhtikuussa 2024. Seminaarissa sain my\u00f6s palautetta ja kehitysehdotuksia opettajiltani sek\u00e4 opponoijaltani. Viimeistelin ty\u00f6n n\u00e4iden ehdotusten pohjalta, ja lopullinen versio julkaistiin Theseuksessa.<\/p><p>Kaiken kaikkiaan opinn\u00e4ytety\u00f6 oli minulle eritt\u00e4in opettavainen prosessi. Opin muun muassa teoreettista tietoa visuaalisesta viestinn\u00e4st\u00e4 ja sosiaalisen median ilmeest\u00e4 sek\u00e4 k\u00e4yt\u00e4nn\u00f6n taitoja asiakasty\u00f6skentelyst\u00e4 ja projektinhallinnasta.<\/p><h4><span style=\"text-decoration: underline;\"><a href=\"https:\/\/urn.fi\/URN:NBN:fi:amk-202404298289\">Tutustu opinn\u00e4ytety\u00f6h\u00f6n<\/a><\/span><\/h4>\t\t\t\t\t\t\t\t<\/div>\n\t\t\t\t<\/div>\n\t\t\t\t\t<\/div>\n\t\t\t\t<\/div>\n\t\t<div class=\"elementor-element elementor-element-7723bdc e-flex e-con-boxed e-con e-parent\" data-id=\"7723bdc\" data-element_type=\"container\" data-e-type=\"container\">\n\t\t\t\t\t<div class=\"e-con-inner\">\n\t\t\t\t<div class=\"elementor-element elementor-element-be05148 elementor-widget elementor-widget-image\" data-id=\"be05148\" data-element_type=\"widget\" data-e-type=\"widget\" data-widget_type=\"image.default\">\n\t\t\t\t<div class=\"elementor-widget-container\">\n\t\t\t\t\t\t\t\t\t\t\t\t\t\t\t<img decoding=\"async\" width=\"1024\" height=\"579\" src=\"https:\/\/www.oonakaronen.fi\/wp-content\/uploads\/2025\/05\/vanha_raikka1.png\" class=\"attachment-large size-large wp-image-763\" alt=\"\" \/>\t\t\t\t\t\t\t\t\t\t\t\t\t\t\t<\/div>\n\t\t\t\t<\/div>\n\t\t\t\t\t<\/div>\n\t\t\t\t<\/div>\n\t\t<div class=\"elementor-element elementor-element-7386d16 e-flex e-con-boxed e-con e-parent\" data-id=\"7386d16\" data-element_type=\"container\" data-e-type=\"container\">\n\t\t\t\t\t<div class=\"e-con-inner\">\n\t\t\t\t<div class=\"elementor-element elementor-element-03bb607 elementor-widget elementor-widget-image\" data-id=\"03bb607\" data-element_type=\"widget\" data-e-type=\"widget\" data-widget_type=\"image.default\">\n\t\t\t\t<div class=\"elementor-widget-container\">\n\t\t\t\t\t\t\t\t\t\t\t\t\t\t\t<img decoding=\"async\" width=\"1024\" height=\"577\" src=\"https:\/\/www.oonakaronen.fi\/wp-content\/uploads\/2025\/05\/vanha_raikka2-e1746182754515-1024x577.png\" class=\"attachment-large size-large wp-image-764\" alt=\"\" srcset=\"https:\/\/www.oonakaronen.fi\/wp-content\/uploads\/2025\/05\/vanha_raikka2-e1746182754515-1024x577.png 1024w, https:\/\/www.oonakaronen.fi\/wp-content\/uploads\/2025\/05\/vanha_raikka2-e1746182754515-300x169.png 300w, https:\/\/www.oonakaronen.fi\/wp-content\/uploads\/2025\/05\/vanha_raikka2-e1746182754515-768x433.png 768w, https:\/\/www.oonakaronen.fi\/wp-content\/uploads\/2025\/05\/vanha_raikka2-e1746182754515.png 1200w\" sizes=\"(max-width: 1024px) 100vw, 1024px\" \/>\t\t\t\t\t\t\t\t\t\t\t\t\t\t\t<\/div>\n\t\t\t\t<\/div>\n\t\t\t\t\t<\/div>\n\t\t\t\t<\/div>\n\t\t<div class=\"elementor-element elementor-element-5bd6e9a e-flex e-con-boxed e-con e-parent\" data-id=\"5bd6e9a\" data-element_type=\"container\" data-e-type=\"container\">\n\t\t\t\t\t<div class=\"e-con-inner\">\n\t\t\t\t<div class=\"elementor-element elementor-element-006e04f elementor-widget elementor-widget-image\" data-id=\"006e04f\" data-element_type=\"widget\" data-e-type=\"widget\" data-widget_type=\"image.default\">\n\t\t\t\t<div class=\"elementor-widget-container\">\n\t\t\t\t\t\t\t\t\t\t\t\t\t\t\t<img loading=\"lazy\" decoding=\"async\" width=\"1024\" height=\"575\" src=\"https:\/\/www.oonakaronen.fi\/wp-content\/uploads\/2025\/05\/vanha_raikka3-e1746182793208-1024x575.png\" class=\"attachment-large size-large wp-image-765\" alt=\"\" srcset=\"https:\/\/www.oonakaronen.fi\/wp-content\/uploads\/2025\/05\/vanha_raikka3-e1746182793208-1024x575.png 1024w, https:\/\/www.oonakaronen.fi\/wp-content\/uploads\/2025\/05\/vanha_raikka3-e1746182793208-300x169.png 300w, https:\/\/www.oonakaronen.fi\/wp-content\/uploads\/2025\/05\/vanha_raikka3-e1746182793208-768x431.png 768w, https:\/\/www.oonakaronen.fi\/wp-content\/uploads\/2025\/05\/vanha_raikka3-e1746182793208.png 1200w\" sizes=\"(max-width: 1024px) 100vw, 1024px\" \/>\t\t\t\t\t\t\t\t\t\t\t\t\t\t\t<\/div>\n\t\t\t\t<\/div>\n\t\t\t\t<div class=\"elementor-element elementor-element-d7eb9ce elementor-widget elementor-widget-image\" data-id=\"d7eb9ce\" data-element_type=\"widget\" data-e-type=\"widget\" data-widget_type=\"image.default\">\n\t\t\t\t<div class=\"elementor-widget-container\">\n\t\t\t\t\t\t\t\t\t\t\t\t\t\t\t<img loading=\"lazy\" decoding=\"async\" width=\"1024\" height=\"573\" src=\"https:\/\/www.oonakaronen.fi\/wp-content\/uploads\/2025\/05\/vanha_raikka_4-e1746182825517-1024x573.png\" class=\"attachment-large size-large wp-image-766\" alt=\"\" srcset=\"https:\/\/www.oonakaronen.fi\/wp-content\/uploads\/2025\/05\/vanha_raikka_4-e1746182825517-1024x573.png 1024w, https:\/\/www.oonakaronen.fi\/wp-content\/uploads\/2025\/05\/vanha_raikka_4-e1746182825517-300x168.png 300w, https:\/\/www.oonakaronen.fi\/wp-content\/uploads\/2025\/05\/vanha_raikka_4-e1746182825517-768x430.png 768w, https:\/\/www.oonakaronen.fi\/wp-content\/uploads\/2025\/05\/vanha_raikka_4-e1746182825517.png 1200w\" sizes=\"(max-width: 1024px) 100vw, 1024px\" \/>\t\t\t\t\t\t\t\t\t\t\t\t\t\t\t<\/div>\n\t\t\t\t<\/div>\n\t\t\t\t\t<\/div>\n\t\t\t\t<\/div>\n\t\t<div class=\"elementor-element elementor-element-40edd40 e-flex e-con-boxed e-con e-parent\" data-id=\"40edd40\" data-element_type=\"container\" data-e-type=\"container\">\n\t\t\t\t\t<div class=\"e-con-inner\">\n\t\t\t\t<div class=\"elementor-element elementor-element-e70ae49 elementor-widget elementor-widget-image\" data-id=\"e70ae49\" data-element_type=\"widget\" data-e-type=\"widget\" data-widget_type=\"image.default\">\n\t\t\t\t<div class=\"elementor-widget-container\">\n\t\t\t\t\t\t\t\t\t\t\t\t\t\t\t<img loading=\"lazy\" decoding=\"async\" width=\"1024\" height=\"575\" src=\"https:\/\/www.oonakaronen.fi\/wp-content\/uploads\/2025\/05\/vanha_raikka5-e1746182862457-1024x575.png\" class=\"attachment-large size-large wp-image-767\" alt=\"\" srcset=\"https:\/\/www.oonakaronen.fi\/wp-content\/uploads\/2025\/05\/vanha_raikka5-e1746182862457-1024x575.png 1024w, https:\/\/www.oonakaronen.fi\/wp-content\/uploads\/2025\/05\/vanha_raikka5-e1746182862457-300x169.png 300w, https:\/\/www.oonakaronen.fi\/wp-content\/uploads\/2025\/05\/vanha_raikka5-e1746182862457-768x431.png 768w, https:\/\/www.oonakaronen.fi\/wp-content\/uploads\/2025\/05\/vanha_raikka5-e1746182862457.png 1200w\" sizes=\"(max-width: 1024px) 100vw, 1024px\" \/>\t\t\t\t\t\t\t\t\t\t\t\t\t\t\t<\/div>\n\t\t\t\t<\/div>\n\t\t\t\t<div class=\"elementor-element elementor-element-abd601f elementor-widget elementor-widget-spacer\" data-id=\"abd601f\" data-element_type=\"widget\" data-e-type=\"widget\" data-widget_type=\"spacer.default\">\n\t\t\t\t<div class=\"elementor-widget-container\">\n\t\t\t\t\t\t\t<div class=\"elementor-spacer\">\n\t\t\t<div class=\"elementor-spacer-inner\"><\/div>\n\t\t<\/div>\n\t\t\t\t\t\t<\/div>\n\t\t\t\t<\/div>\n\t\t\t\t\t<\/div>\n\t\t\t\t<\/div>\n\t\t\t\t<\/div>\n\t\t","protected":false},"excerpt":{"rendered":"<p>Opinn\u00e4ytety\u00f6: Sosiaalisen median visuaalisen ilmeen ohjeistus Vanhalle R\u00e4ik\u00e4lle (2024) Ty\u00f6kalut: Word, Illustrator, Canva Asiakas: Vanha R\u00e4ikk\u00e4 on Yl\u00f6j\u00e4rven keskustassa sijaitseva [&hellip;]<\/p>\n","protected":false},"author":1,"featured_media":0,"parent":0,"menu_order":0,"comment_status":"closed","ping_status":"closed","template":"","meta":{"_uag_custom_page_level_css":"","site-sidebar-layout":"no-sidebar","site-content-layout":"","ast-site-content-layout":"full-width-container","site-content-style":"default","site-sidebar-style":"default","ast-global-header-display":"","ast-banner-title-visibility":"","ast-main-header-display":"","ast-hfb-above-header-display":"","ast-hfb-below-header-display":"","ast-hfb-mobile-header-display":"","site-post-title":"disabled","ast-breadcrumbs-content":"","ast-featured-img":"disabled","footer-sml-layout":"","ast-disable-related-posts":"","theme-transparent-header-meta":"","adv-header-id-meta":"","stick-header-meta":"","header-above-stick-meta":"","header-main-stick-meta":"","header-below-stick-meta":"","astra-migrate-meta-layouts":"default","ast-page-background-enabled":"default","ast-page-background-meta":{"desktop":{"background-color":"var(--ast-global-color-5)","background-image":"","background-repeat":"repeat","background-position":"center center","background-size":"auto","background-attachment":"scroll","background-type":"","background-media":"","overlay-type":"","overlay-color":"","overlay-opacity":"","overlay-gradient":""},"tablet":{"background-color":"","background-image":"","background-repeat":"repeat","background-position":"center center","background-size":"auto","background-attachment":"scroll","background-type":"","background-media":"","overlay-type":"","overlay-color":"","overlay-opacity":"","overlay-gradient":""},"mobile":{"background-color":"","background-image":"","background-repeat":"repeat","background-position":"center center","background-size":"auto","background-attachment":"scroll","background-type":"","background-media":"","overlay-type":"","overlay-color":"","overlay-opacity":"","overlay-gradient":""}},"ast-content-background-meta":{"desktop":{"background-color":"var(--ast-global-color-4)","background-image":"","background-repeat":"repeat","background-position":"center center","background-size":"auto","background-attachment":"scroll","background-type":"","background-media":"","overlay-type":"","overlay-color":"","overlay-opacity":"","overlay-gradient":""},"tablet":{"background-color":"var(--ast-global-color-4)","background-image":"","background-repeat":"repeat","background-position":"center center","background-size":"auto","background-attachment":"scroll","background-type":"","background-media":"","overlay-type":"","overlay-color":"","overlay-opacity":"","overlay-gradient":""},"mobile":{"background-color":"var(--ast-global-color-4)","background-image":"","background-repeat":"repeat","background-position":"center center","background-size":"auto","background-attachment":"scroll","background-type":"","background-media":"","overlay-type":"","overlay-color":"","overlay-opacity":"","overlay-gradient":""}},"footnotes":""},"class_list":["post-1044","page","type-page","status-publish","hentry"],"uagb_featured_image_src":{"full":false,"thumbnail":false,"medium":false,"medium_large":false,"large":false,"1536x1536":false,"2048x2048":false},"uagb_author_info":{"display_name":"Oona","author_link":"https:\/\/www.oonakaronen.fi\/?author=1"},"uagb_comment_info":0,"uagb_excerpt":"Opinn\u00e4ytety\u00f6: Sosiaalisen median visuaalisen ilmeen ohjeistus Vanhalle R\u00e4ik\u00e4lle (2024) Ty\u00f6kalut: Word, Illustrator, Canva Asiakas: Vanha R\u00e4ikk\u00e4 on Yl\u00f6j\u00e4rven keskustassa sijaitseva [&hellip;]","_links":{"self":[{"href":"https:\/\/www.oonakaronen.fi\/index.php?rest_route=\/wp\/v2\/pages\/1044","targetHints":{"allow":["GET"]}}],"collection":[{"href":"https:\/\/www.oonakaronen.fi\/index.php?rest_route=\/wp\/v2\/pages"}],"about":[{"href":"https:\/\/www.oonakaronen.fi\/index.php?rest_route=\/wp\/v2\/types\/page"}],"author":[{"embeddable":true,"href":"https:\/\/www.oonakaronen.fi\/index.php?rest_route=\/wp\/v2\/users\/1"}],"replies":[{"embeddable":true,"href":"https:\/\/www.oonakaronen.fi\/index.php?rest_route=%2Fwp%2Fv2%2Fcomments&post=1044"}],"version-history":[{"count":7,"href":"https:\/\/www.oonakaronen.fi\/index.php?rest_route=\/wp\/v2\/pages\/1044\/revisions"}],"predecessor-version":[{"id":1258,"href":"https:\/\/www.oonakaronen.fi\/index.php?rest_route=\/wp\/v2\/pages\/1044\/revisions\/1258"}],"wp:attachment":[{"href":"https:\/\/www.oonakaronen.fi\/index.php?rest_route=%2Fwp%2Fv2%2Fmedia&parent=1044"}],"curies":[{"name":"wp","href":"https:\/\/api.w.org\/{rel}","templated":true}]}}